{"id":32,"date":"2020-05-28T09:20:47","date_gmt":"2020-05-28T09:20:47","guid":{"rendered":"http:\/\/wptestinstanz.gecgin.de\/?page_id=32"},"modified":"2026-04-12T21:24:13","modified_gmt":"2026-04-12T19:24:13","slug":"verpflegung","status":"publish","type":"page","link":"https:\/\/www.brauerinternat.de\/?page_id=32","title":{"rendered":"Einfach. Lecker. Essen"},"content":{"rendered":"<p>Das Brauerinternat verf\u00fcgt \u00fcber eine eigene Kantine, in welcher der K\u00fcchenchef, Herr Rapp, mit seinem Team f\u00fcr das leibliche Wohl aller internen und externen G\u00e4ste sorgt. Die K\u00fcche verk\u00f6stigt w\u00e4hrend der Schulzeit dreimal t\u00e4glich je 200 \u2013 300 Personen.<\/p>\n<p>Zum Fr\u00fchst\u00fcck gibt es ein abwechslungsreiches B\u00fcffet mit Brot, Semmeln, K\u00e4se, Ei, Wurst, s\u00fc\u00dfem Aufstrich und nat\u00fcrlich Kaffee, Tee oder Kakao. Mittags stehen den G\u00e4sten drei Hauptgerichte inkl. Tagessuppe, Salat und Dessert zur Auswahl. Abends werden t\u00e4glich wechselnde Leckereien am Buffet geboten.<\/p>\n<p>Alle Internatsbewohner erhalten bei ihrer Anreise einen personalisierten elektronischen Chip, der sie zur Teilnahme an allen Mahlzeiten im Speisesaal berechtigt. Je nach Vorliebe kann man zwischen Vollkost, vegetarischem oder schweinefleischlosem Essen w\u00e4hlen und erh\u00e4lt seinen Chip in entsprechender Farbe. Auch auf die Bed\u00fcrfnisse von G\u00e4sten mit Lebensmittelallergien oder -Unvertr\u00e4glichkeiten wird individuell eingegangen.<\/p>\n<p>&nbsp;<\/p>\n<h3>Aktueller Speiseplan des Brauer-Internats zum Download : <a href=\"https:\/\/www.brauerinternat.de\/wp-content\/uploads\/2026\/04\/Speiseplan-Aushang-und-email-KW-16.pdf\">Klick zum Download<\/a><\/h3>\n<p>&nbsp;<\/p>\nngg_shortcode_0_placeholder\n","protected":false},"excerpt":{"rendered":"<p>Das Brauerinternat verf\u00fcgt \u00fcber eine eigene Kantine, in welcher der K\u00fcchenchef, Herr Rapp, mit seinem Team f\u00fcr das leibliche Wohl aller internen und externen G\u00e4ste sorgt. Die K\u00fcche verk\u00f6stigt w\u00e4hrend der Schulzeit dreimal t\u00e4glich je 200 \u2013 300 Personen. Zum Fr\u00fchst\u00fcck gibt es ein abwechslungsreiches B\u00fcffet mit Brot, Semmeln, K\u00e4se, Ei, Wurst, s\u00fc\u00dfem Aufstrich und [&hellip;]<\/p>\n","protected":false},"author":1,"featured_media":0,"parent":0,"menu_order":0,"comment_status":"closed","ping_status":"closed","template":"","meta":{"ngg_post_thumbnail":0,"footnotes":""},"class_list":["post-32","page","type-page","status-publish","czr-hentry"],"_links":{"self":[{"href":"https:\/\/www.brauerinternat.de\/index.php?rest_route=\/wp\/v2\/pages\/32","targetHints":{"allow":["GET"]}}],"collection":[{"href":"https:\/\/www.brauerinternat.de\/index.php?rest_route=\/wp\/v2\/pages"}],"about":[{"href":"https:\/\/www.brauerinternat.de\/index.php?rest_route=\/wp\/v2\/types\/page"}],"author":[{"embeddable":true,"href":"https:\/\/www.brauerinternat.de\/index.php?rest_route=\/wp\/v2\/users\/1"}],"replies":[{"embeddable":true,"href":"https:\/\/www.brauerinternat.de\/index.php?rest_route=%2Fwp%2Fv2%2Fcomments&post=32"}],"version-history":[{"count":149,"href":"https:\/\/www.brauerinternat.de\/index.php?rest_route=\/wp\/v2\/pages\/32\/revisions"}],"predecessor-version":[{"id":1012,"href":"https:\/\/www.brauerinternat.de\/index.php?rest_route=\/wp\/v2\/pages\/32\/revisions\/1012"}],"wp:attachment":[{"href":"https:\/\/www.brauerinternat.de\/index.php?rest_route=%2Fwp%2Fv2%2Fmedia&parent=32"}],"curies":[{"name":"wp","href":"https:\/\/api.w.org\/{rel}","templated":true}]}}